{"id":2,"date":"2023-09-08T09:13:35","date_gmt":"2023-09-08T07:13:35","guid":{"rendered":"http:\/\/rdconsultant-formation.com\/?page_id=2"},"modified":"2024-03-08T18:10:05","modified_gmt":"2024-03-08T17:10:05","slug":"qui-sommes-nous-2","status":"publish","type":"page","link":"https:\/\/rdconsultant-formation.com\/","title":{"rendered":"Qui sommes-nous"},"content":{"rendered":"\n<p><mark style=\"background-color:rgba(0, 0, 0, 0)\" class=\"has-inline-color has-palette-color-2-color\"><strong><em>RDConsultant<\/em><\/strong> <\/mark>accompagne les entrepreneurs du BTP dans la gestion de leurs centres de profits : <\/p>\n\n\n\n<div class=\"wp-block-stackable-columns alignfull stk-block-columns stk-block stk-fd64ff4 stk-block-background\" data-block-id=\"fd64ff4\"><style>.stk-fd64ff4{background-color:var(--theme-palette-color-3,#475671) !important;padding-right:150px !important;padding-left:150px !important}.stk-fd64ff4:before{background-color:var(--theme-palette-color-3,#475671) !important}.stk-fd64ff4-column{--stk-columns-spacing:20px !important}@media screen and (max-width:1023px){.stk-fd64ff4{padding-top:0px !important;padding-right:0px !important;padding-bottom:0px !important;padding-left:0px !important}}<\/style><div class=\"stk-row stk-inner-blocks stk-block-content stk-content-align stk-fd64ff4-column alignfull\">\n<div class=\"wp-block-stackable-column stk-block-column stk-column stk-block stk-89690d8\" data-v=\"4\" data-block-id=\"89690d8\"><div class=\"stk-column-wrapper stk-block-column__content stk-container stk-89690d8-container stk--no-background stk--no-padding\"><div class=\"has-text-align-center stk-block-content stk-inner-blocks stk-89690d8-inner-blocks\">\n<div class=\"wp-block-stackable-heading stk-block-heading stk-block-heading--v2 stk-block stk-5ca15fa\" id=\"management-operationnel-des-equipes\" data-block-id=\"5ca15fa\"><style>.stk-5ca15fa{margin-bottom:50px !important}.stk-5ca15fa .stk-block-heading__text{font-size:1.25em !important;color:var(--theme-palette-color-6,#f3f4f7) !important;font-weight:300 !important}@media screen and (max-width:1023px){.stk-5ca15fa .stk-block-heading__text{font-size:1.25em !important}}<\/style><h4 class=\"stk-block-heading__text has-text-color has-text-align-left has-text-align-center-tablet\">management op\u00e9rationnel des \u00e9quipes<\/h4><\/div>\n\n\n\n<div class=\"wp-block-stackable-heading stk-block-heading stk-block-heading--v2 stk-block stk-8d686d3\" id=\"completude-des-dossiers-de-reponse-aux-appels-doffres\" data-block-id=\"8d686d3\"><style>.stk-8d686d3{margin-bottom:50px !important}.stk-8d686d3 .stk-block-heading__text{font-size:1.25em !important;color:var(--theme-palette-color-6,#f3f4f7) !important;font-weight:300 !important}@media screen and (max-width:1023px){.stk-8d686d3 .stk-block-heading__text{font-size:1.25em !important}}<\/style><h4 class=\"stk-block-heading__text has-text-color has-text-align-right has-text-align-center-tablet\">compl\u00e9tude des dossiers de r\u00e9ponse aux appels d&rsquo;offres<\/h4><\/div>\n\n\n\n<div class=\"wp-block-stackable-heading stk-block-heading stk-block-heading--v2 stk-block stk-6ce90a7\" id=\"pilotage-des-kpi\" data-block-id=\"6ce90a7\"><style>.stk-6ce90a7{margin-bottom:50px !important}.stk-6ce90a7 .stk-block-heading__text{font-size:1.25em !important;color:var(--theme-palette-color-6,#f3f4f7) !important;font-weight:300 !important}@media screen and (max-width:1023px){.stk-6ce90a7 .stk-block-heading__text{font-size:1.25em !important}}<\/style><h4 class=\"stk-block-heading__text has-text-color has-text-align-center\">pilotage des KPI<\/h4><\/div>\n<\/div><\/div><\/div>\n\n\n\n<div class=\"wp-block-stackable-column stk-block-column stk-column stk-block stk-d4d5cc8\" data-v=\"4\" data-block-id=\"d4d5cc8\"><div class=\"stk-column-wrapper stk-block-column__content stk-container stk-d4d5cc8-container stk--no-background stk--no-padding\"><div class=\"has-text-align-center stk-block-content stk-inner-blocks stk-d4d5cc8-inner-blocks\">\n<div class=\"wp-block-stackable-heading stk-block-heading stk-block-heading--v2 stk-block stk-1ba9492\" id=\"optimisation-du-resultat-dexploitation\" data-block-id=\"1ba9492\"><style>.stk-1ba9492{margin-bottom:50px !important}.stk-1ba9492 .stk-block-heading__text{font-size:1.25em !important;color:var(--theme-palette-color-6,#f3f4f7) !important;font-weight:300 !important}@media screen and (max-width:1023px){.stk-1ba9492 .stk-block-heading__text{font-size:1.25em !important}}<\/style><h4 class=\"stk-block-heading__text has-text-color has-text-align-left has-text-align-center-tablet\">optimisation du r\u00e9sultat d&rsquo;exploitation<\/h4><\/div>\n\n\n\n<div class=\"wp-block-stackable-heading stk-block-heading stk-block-heading--v2 stk-block stk-c18a287\" id=\"veille-reglementaire\" data-block-id=\"c18a287\"><style>.stk-c18a287{margin-bottom:50px !important}.stk-c18a287 .stk-block-heading__text{font-size:1.25em !important;color:var(--theme-palette-color-6,#f3f4f7) !important;font-weight:300 !important}@media screen and (max-width:1023px){.stk-c18a287 .stk-block-heading__text{font-size:1.25em !important}}<\/style><h4 class=\"stk-block-heading__text has-text-color has-text-align-center\">veille r\u00e9glementaire<\/h4><\/div>\n\n\n\n<div class=\"wp-block-stackable-heading stk-block-heading stk-block-heading--v2 stk-block stk-d637331\" id=\"transfert-de-competences-au-sein-de-la-structure\" data-block-id=\"d637331\"><style>.stk-d637331{margin-bottom:50px !important}.stk-d637331 .stk-block-heading__text{font-size:1.25em !important;color:var(--theme-palette-color-6,#f3f4f7) !important;font-weight:300 !important}@media screen and (max-width:1023px){.stk-d637331 .stk-block-heading__text{font-size:1.25em !important}}<\/style><h4 class=\"stk-block-heading__text has-text-color has-text-align-center\">transfert de comp\u00e9tences au sein de la structure<\/h4><\/div>\n<\/div><\/div><\/div>\n<\/div><\/div>\n\n\n\n<p><mark style=\"background-color:rgba(0, 0, 0, 0)\" class=\"has-inline-color has-palette-color-2-color\"><\/mark><em><mark style=\"background-color:rgba(0, 0, 0, 0)\" class=\"has-inline-color has-palette-color-2-color\"><strong>RDConsultant<\/strong><\/mark><\/em> dispose d&rsquo;une expertise dans la cr\u00e9ation, le d\u00e9veloppement et la transmission d&rsquo;entreprise.<\/p>\n\n\n\n<h2 class=\"wp-block-heading\">Notre histoire<\/h2>\n\n\n\n<p>L&rsquo;activit\u00e9 a commenc\u00e9 il y a plus de 30 ans.<\/p>\n\n\n\n<p>Parmi les premiers stagiaires, certains ont particip\u00e9 \u00e0 la construction de Disneyland Paris, ou encore du tunnel sous la manche.<\/p>\n\n\n\n<figure class=\"wp-block-gallery has-nested-images columns-default is-cropped wp-block-gallery-1 is-layout-flex wp-block-gallery-is-layout-flex\">\n<figure class=\"wp-block-image size-large\"><img loading=\"lazy\" decoding=\"async\" width=\"1024\" height=\"768\" data-id=\"89\" src=\"https:\/\/rdconsultant-formation.com\/wp-content\/uploads\/2023\/11\/disney-attraction-1024x768.jpg\" alt=\"Attraction grand huit pour illuster les collaborateurs d'entreprise form\u00e9s il y a plus de 30 ans pour Disneyland Paris\" class=\"wp-image-89\" srcset=\"https:\/\/rdconsultant-formation.com\/wp-content\/uploads\/2023\/11\/disney-attraction-1024x768.jpg 1024w, https:\/\/rdconsultant-formation.com\/wp-content\/uploads\/2023\/11\/disney-attraction-300x225.jpg 300w, https:\/\/rdconsultant-formation.com\/wp-content\/uploads\/2023\/11\/disney-attraction-768x576.jpg 768w, https:\/\/rdconsultant-formation.com\/wp-content\/uploads\/2023\/11\/disney-attraction.jpg 1280w\" sizes=\"auto, (max-width: 1024px) 100vw, 1024px\" \/><figcaption class=\"wp-element-caption\">Attraction grand huit pour illustrer les collaborateurs d&rsquo;entreprise form\u00e9s il y a plus de 30 ans pour Disneyland Paris<\/figcaption><\/figure>\n\n\n\n<figure class=\"wp-block-image size-large\"><img loading=\"lazy\" decoding=\"async\" width=\"1024\" height=\"683\" data-id=\"90\" src=\"https:\/\/rdconsultant-formation.com\/wp-content\/uploads\/2023\/11\/eurostar-1024x683.jpg\" alt=\"Construction du tunnel sous la manche illustrant les d\u00e9buts de notre activit\u00e9\" class=\"wp-image-90\" srcset=\"https:\/\/rdconsultant-formation.com\/wp-content\/uploads\/2023\/11\/eurostar-1024x683.jpg 1024w, https:\/\/rdconsultant-formation.com\/wp-content\/uploads\/2023\/11\/eurostar-300x200.jpg 300w, https:\/\/rdconsultant-formation.com\/wp-content\/uploads\/2023\/11\/eurostar-768x512.jpg 768w, https:\/\/rdconsultant-formation.com\/wp-content\/uploads\/2023\/11\/eurostar-1536x1024.jpg 1536w, https:\/\/rdconsultant-formation.com\/wp-content\/uploads\/2023\/11\/eurostar-2048x1365.jpg 2048w\" sizes=\"auto, (max-width: 1024px) 100vw, 1024px\" \/><figcaption class=\"wp-element-caption\">Construction du tunnel sous la manche illustrant les d\u00e9buts de notre activit\u00e9<\/figcaption><\/figure>\n<\/figure>\n\n\n\n<p>Depuis son origine, <mark style=\"background-color:rgba(0, 0, 0, 0)\" class=\"has-inline-color has-palette-color-2-color\"><strong><em>RDConsultant<\/em><\/strong><\/mark> accompagne les entreprises du BTP comme facilitateur dans les <strong>domaines du r\u00e9glementaire<\/strong>, de la <strong>gestion et du management<\/strong>.<\/p>\n\n\n\n<p>Nous avons acquis au fil de toutes ces ann\u00e9es, gr\u00e2ce \u00e0 vous, une parfaite connaissance des rouages des <strong>TPE, PME, ETI et grandes entreprises du BTP<\/strong>.<\/p>\n\n\n\n<p>Nous sommes pr\u00eats \u00e0 relever les chalenges d&rsquo;aujourd&rsquo;hui et de demain : <\/p>\n\n\n\n<div class=\"wp-block-stackable-columns stk-block-columns stk-block stk-85e4d90\" data-block-id=\"85e4d90\"><div class=\"stk-row stk-inner-blocks has-text-align-center stk-block-content stk-content-align stk-85e4d90-column\">\n<div class=\"wp-block-stackable-column stk-block-column stk-column stk-block stk-b49845e\" data-v=\"4\" data-block-id=\"b49845e\"><div class=\"stk-column-wrapper stk-block-column__content stk-container stk-b49845e-container stk--no-background stk--no-padding\"><div class=\"stk-block-content stk-inner-blocks stk-b49845e-inner-blocks\">\n<div class=\"wp-block-stackable-icon stk-block-icon has-text-align-center stk-block stk-4e56d81\" data-block-id=\"4e56d81\"><style>.stk-4e56d81 .stk--svg-wrapper .stk--inner-svg svg:last-child{height:90px !important;width:90px !important}.stk-4e56d81 .stk--svg-wrapper .stk--inner-svg svg:last-child,.stk-4e56d81 .stk--svg-wrapper .stk--inner-svg svg:last-child :is(g,path,rect,polygon,ellipse){fill:var(--theme-palette-color-3,#475671) !important}<\/style><span class=\"stk--svg-wrapper\"><div class=\"stk--inner-svg\"><svg style=\"height:0;width:0\"><defs><linearGradient id=\"linear-gradient-4e56d81\" x1=\"0\" x2=\"100%\" y1=\"0\" y2=\"0\"><stop offset=\"0%\" style=\"stop-opacity:1;stop-color:var(--linear-gradient-4-e-56-d-81-color-1)\"><\/stop><stop offset=\"100%\" style=\"stop-opacity:1;stop-color:var(--linear-gradient-4-e-56-d-81-color-2)\"><\/stop><\/linearGradient><\/defs><\/svg><svg xmlns=\"http:\/\/www.w3.org\/2000\/svg\" viewBox=\"0 0 384 512\" aria-hidden=\"true\" width=\"32\" height=\"32\"><path d=\"M16 64C16 28.7 44.7 0 80 0H304c35.3 0 64 28.7 64 64V448c0 35.3-28.7 64-64 64H80c-35.3 0-64-28.7-64-64V64zM144 448c0 8.8 7.2 16 16 16h64c8.8 0 16-7.2 16-16s-7.2-16-16-16H160c-8.8 0-16 7.2-16 16zM304 64H80V384H304V64z\"><\/path><\/svg><\/div><\/span><\/div>\n\n\n\n<h4 class=\"wp-block-heading\" style=\"margin-top:var(--wp--preset--spacing--30);margin-bottom:var(--wp--preset--spacing--80)\">Transition num\u00e9rique<\/h4>\n<\/div><\/div><\/div>\n\n\n\n<div class=\"wp-block-stackable-column stk-block-column stk-column stk-block stk-ba19751\" data-v=\"4\" data-block-id=\"ba19751\"><div class=\"stk-column-wrapper stk-block-column__content stk-container stk-ba19751-container stk--no-background stk--no-padding\"><div class=\"stk-block-content stk-inner-blocks stk-ba19751-inner-blocks\">\n<div class=\"wp-block-stackable-icon stk-block-icon has-text-align-center stk-block stk-df38550\" data-block-id=\"df38550\"><style>.stk-df38550 .stk--svg-wrapper .stk--inner-svg svg:last-child{height:90px !important;width:90px !important}.stk-df38550 .stk--svg-wrapper .stk--inner-svg svg:last-child,.stk-df38550 .stk--svg-wrapper .stk--inner-svg svg:last-child :is(g,path,rect,polygon,ellipse){fill:#1da003 !important}<\/style><span class=\"stk--svg-wrapper\"><div class=\"stk--inner-svg\"><svg style=\"height:0;width:0\"><defs><linearGradient id=\"linear-gradient-df38550\" x1=\"0\" x2=\"100%\" y1=\"0\" y2=\"0\"><stop offset=\"0%\" style=\"stop-opacity:1;stop-color:var(--linear-gradient-df-38550-color-1)\"><\/stop><stop offset=\"100%\" style=\"stop-opacity:1;stop-color:var(--linear-gradient-df-38550-color-2)\"><\/stop><\/linearGradient><\/defs><\/svg><svg xmlns=\"http:\/\/www.w3.org\/2000\/svg\" viewBox=\"0 0 512 512\" aria-hidden=\"true\" width=\"32\" height=\"32\"><path d=\"M272 96c-78.6 0-145.1 51.5-167.7 122.5c33.6-17 71.5-26.5 111.7-26.5h88c8.8 0 16 7.2 16 16s-7.2 16-16 16H288 216s0 0 0 0c-16.6 0-32.7 1.9-48.3 5.4c-25.9 5.9-49.9 16.4-71.4 30.7c0 0 0 0 0 0C38.3 298.8 0 364.9 0 440v16c0 13.3 10.7 24 24 24s24-10.7 24-24V440c0-48.7 20.7-92.5 53.8-123.2C121.6 392.3 190.3 448 272 448l1 0c132.1-.7 239-130.9 239-291.4c0-42.6-7.5-83.1-21.1-119.6c-2.6-6.9-12.7-6.6-16.2-.1C455.9 72.1 418.7 96 376 96L272 96z\"><\/path><\/svg><\/div><\/span><\/div>\n\n\n\n<h4 class=\"wp-block-heading\" style=\"margin-top:var(--wp--preset--spacing--30);margin-bottom:var(--wp--preset--spacing--80)\">Transition environnementale<\/h4>\n<\/div><\/div><\/div>\n\n\n\n<div class=\"wp-block-stackable-column stk-block-column stk-column stk-block stk-736fdd4\" data-v=\"4\" data-block-id=\"736fdd4\"><div class=\"stk-column-wrapper stk-block-column__content stk-container stk-736fdd4-container stk--no-background stk--no-padding\"><div class=\"stk-block-content stk-inner-blocks stk-736fdd4-inner-blocks\">\n<div class=\"wp-block-stackable-icon stk-block-icon has-text-align-center stk-block stk-77ac52e\" data-block-id=\"77ac52e\"><style>.stk-77ac52e .stk--svg-wrapper .stk--inner-svg svg:last-child{height:90px !important;width:90px !important}.stk-77ac52e .stk--svg-wrapper .stk--inner-svg svg:last-child,.stk-77ac52e .stk--svg-wrapper .stk--inner-svg svg:last-child :is(g,path,rect,polygon,ellipse){fill:#ff6900 !important}<\/style><span class=\"stk--svg-wrapper\"><div class=\"stk--inner-svg\"><svg style=\"height:0;width:0\"><defs><linearGradient id=\"linear-gradient-77ac52e\" x1=\"0\" x2=\"100%\" y1=\"0\" y2=\"0\"><stop offset=\"0%\" style=\"stop-opacity:1;stop-color:var(--linear-gradient-77-ac-52-e-color-1)\"><\/stop><stop offset=\"100%\" style=\"stop-opacity:1;stop-color:var(--linear-gradient-77-ac-52-e-color-2)\"><\/stop><\/linearGradient><\/defs><\/svg><svg xmlns=\"http:\/\/www.w3.org\/2000\/svg\" viewBox=\"0 0 640 512\" aria-hidden=\"true\" width=\"32\" height=\"32\"><path d=\"M72 88a56 56 0 1 1 112 0A56 56 0 1 1 72 88zM64 245.7C54 256.9 48 271.8 48 288s6 31.1 16 42.3V245.7zm144.4-49.3C178.7 222.7 160 261.2 160 304c0 34.3 12 65.8 32 90.5V416c0 17.7-14.3 32-32 32H96c-17.7 0-32-14.3-32-32V389.2C26.2 371.2 0 332.7 0 288c0-61.9 50.1-112 112-112h32c24 0 46.2 7.5 64.4 20.3zM448 416V394.5c20-24.7 32-56.2 32-90.5c0-42.8-18.7-81.3-48.4-107.7C449.8 183.5 472 176 496 176h32c61.9 0 112 50.1 112 112c0 44.7-26.2 83.2-64 101.2V416c0 17.7-14.3 32-32 32H480c-17.7 0-32-14.3-32-32zm8-328a56 56 0 1 1 112 0A56 56 0 1 1 456 88zM576 245.7v84.7c10-11.3 16-26.1 16-42.3s-6-31.1-16-42.3zM320 32a64 64 0 1 1 0 128 64 64 0 1 1 0-128zM240 304c0 16.2 6 31 16 42.3V261.7c-10 11.3-16 26.1-16 42.3zm144-42.3v84.7c10-11.3 16-26.1 16-42.3s-6-31.1-16-42.3zM448 304c0 44.7-26.2 83.2-64 101.2V448c0 17.7-14.3 32-32 32H288c-17.7 0-32-14.3-32-32V405.2c-37.8-18-64-56.5-64-101.2c0-61.9 50.1-112 112-112h32c61.9 0 112 50.1 112 112z\"><\/path><\/svg><\/div><\/span><\/div>\n\n\n\n<h4 class=\"wp-block-heading\" style=\"margin-top:var(--wp--preset--spacing--30);margin-bottom:var(--wp--preset--spacing--80)\">Transition manag\u00e9riale<\/h4>\n<\/div><\/div><\/div>\n<\/div><\/div>\n\n\n\n<h2 class=\"wp-block-heading\">Nos valeurs<\/h2>\n\n\n\n<p>Les valeurs port\u00e9es par <mark style=\"background-color:rgba(0, 0, 0, 0)\" class=\"has-inline-color has-palette-color-2-color\"><strong><em>RDConsultant<\/em><\/strong><\/mark> sont : <\/p>\n\n\n\n<div class=\"wp-block-cover alignfull\"><span aria-hidden=\"true\" class=\"wp-block-cover__background has-palette-color-3-background-color has-background-dim-100 has-background-dim\"><\/span><div class=\"wp-block-cover__inner-container is-layout-constrained wp-block-cover-is-layout-constrained\">\n<div class=\"wp-block-media-text is-stacked-on-mobile\" style=\"grid-template-columns:51% auto\"><figure class=\"wp-block-media-text__media\"><img loading=\"lazy\" decoding=\"async\" width=\"1024\" height=\"622\" src=\"https:\/\/rdconsultant-formation.com\/wp-content\/uploads\/2024\/03\/hands-4947289_1280-1024x622.png\" alt=\"\" class=\"wp-image-254 size-full\" srcset=\"https:\/\/rdconsultant-formation.com\/wp-content\/uploads\/2024\/03\/hands-4947289_1280-1024x622.png 1024w, https:\/\/rdconsultant-formation.com\/wp-content\/uploads\/2024\/03\/hands-4947289_1280-300x182.png 300w, https:\/\/rdconsultant-formation.com\/wp-content\/uploads\/2024\/03\/hands-4947289_1280-768x467.png 768w, https:\/\/rdconsultant-formation.com\/wp-content\/uploads\/2024\/03\/hands-4947289_1280.png 1280w\" sizes=\"auto, (max-width: 1024px) 100vw, 1024px\" \/><\/figure><div class=\"wp-block-media-text__content\">\n<div class=\"wp-block-ab-animate\" data-scroll-class=\"fadeInDown\" data-scroll-threshold=\"50\" style=\"animation-duration:3s\">\n<h3 class=\"wp-block-heading has-text-align-left\" style=\"margin-top:var(--wp--preset--spacing--60);margin-bottom:var(--wp--preset--spacing--60)\">Respect<\/h3>\n<\/div>\n\n\n\n<div class=\"wp-block-ab-animate\" data-scroll-class=\"fadeInRight\" data-scroll-delay=\"1000\" data-scroll-threshold=\"50\" style=\"animation-duration:3s\">\n<h3 class=\"wp-block-heading has-text-align-center\" style=\"margin-top:var(--wp--preset--spacing--60);margin-bottom:var(--wp--preset--spacing--60)\">Int\u00e9grit\u00e9<\/h3>\n<\/div>\n\n\n\n<div class=\"wp-block-ab-animate\" data-scroll-class=\"fadeInUp\" data-scroll-delay=\"2000\" data-scroll-threshold=\"50\" style=\"animation-duration:3s\">\n<h3 class=\"wp-block-heading\" style=\"margin-top:var(--wp--preset--spacing--60);margin-bottom:var(--wp--preset--spacing--60)\">Constance<\/h3>\n<\/div>\n\n\n\n<div class=\"wp-block-ab-animate\" data-scroll-class=\"fadeInLeft\" data-scroll-delay=\"3000\" data-scroll-threshold=\"50\" style=\"animation-duration:3s\">\n<h3 class=\"wp-block-heading has-text-align-right\" style=\"margin-top:var(--wp--preset--spacing--60);margin-bottom:var(--wp--preset--spacing--60);padding-right:var(--wp--preset--spacing--80);padding-left:0\">D\u00e9termination<\/h3>\n<\/div>\n<\/div><\/div>\n<\/div><\/div>\n\n\n\n<p>Ces valeurs sont essentielles dans les objectifs \u00e0 atteindre.<\/p>\n\n\n\n<h2 class=\"wp-block-heading\" style=\"margin-top:0;margin-bottom:0\">Nos engagements<\/h2>\n\n\n\n<p> Vous proposer un accompagnement sur mesure pour r\u00e9pondre \u00e0 vos besoins :<\/p>\n\n\n\n<div class=\"wp-block-stackable-columns stk-block-columns stk-block stk-71212dc\" data-block-id=\"71212dc\"><style>.stk-71212dc{margin-bottom:0px !important}<\/style><div class=\"stk-row stk-inner-blocks has-text-align-center stk-block-content stk-content-align stk-71212dc-column\">\n<div class=\"wp-block-stackable-column stk-block-column stk-column stk-block stk-b7c59f0\" data-v=\"4\" data-block-id=\"b7c59f0\"><div class=\"stk-column-wrapper stk-block-column__content stk-container stk-b7c59f0-container stk--no-background stk--no-padding\"><div class=\"stk-block-content stk-inner-blocks stk-b7c59f0-inner-blocks\">\n<div class=\"wp-block-stackable-heading stk-block-heading stk-block-heading--v2 stk-block stk-cc78dd7\" id=\"audit\" data-block-id=\"cc78dd7\"><style>.stk-cc78dd7{margin-bottom:50px !important}.stk-cc78dd7 .stk-block-heading__top-line{height:1px !important;width:50% !important;margin-bottom:5px !important;margin-left:auto !important;margin-right:auto !important}.stk-cc78dd7 .stk-block-heading__bottom-line{height:1px !important;width:50% !important;margin-top:5px !important;margin-left:auto !important;margin-right:auto !important}<\/style><div class=\"stk-block-heading__top-line\"><\/div><h4 class=\"stk-block-heading__text\">Audit<\/h4><div class=\"stk-block-heading__bottom-line\"><\/div><\/div>\n\n\n\n<div class=\"wp-block-stackable-heading stk-block-heading stk-block-heading--v2 stk-block stk-5bf9ea2\" id=\"formation\" data-block-id=\"5bf9ea2\"><style>.stk-5bf9ea2{margin-bottom:50px !important}.stk-5bf9ea2 .stk-block-heading__top-line{height:1px !important;width:50% !important;margin-bottom:5px !important;margin-left:auto !important;margin-right:auto !important}.stk-5bf9ea2 .stk-block-heading__bottom-line{height:1px !important;width:50% !important;margin-top:5px !important;margin-left:auto !important;margin-right:auto !important}<\/style><div class=\"stk-block-heading__top-line\"><\/div><h4 class=\"stk-block-heading__text\">Formation<\/h4><div class=\"stk-block-heading__bottom-line\"><\/div><\/div>\n<\/div><\/div><\/div>\n\n\n\n<div class=\"wp-block-stackable-column stk-block-column stk-column stk-block stk-23b4ae2\" data-v=\"4\" data-block-id=\"23b4ae2\"><div class=\"stk-column-wrapper stk-block-column__content stk-container stk-23b4ae2-container stk--no-background stk--no-padding\"><div class=\"stk-block-content stk-inner-blocks stk-23b4ae2-inner-blocks\">\n<div class=\"wp-block-stackable-heading stk-block-heading stk-block-heading--v2 stk-block stk-35c58f6\" id=\"conseil\" data-block-id=\"35c58f6\"><style>.stk-35c58f6{margin-bottom:50px !important}.stk-35c58f6 .stk-block-heading__top-line{height:1px !important;width:50% !important;margin-bottom:5px !important;margin-left:auto !important;margin-right:auto !important}.stk-35c58f6 .stk-block-heading__bottom-line{height:1px !important;width:50% !important;margin-top:5px !important;margin-left:auto !important;margin-right:auto !important}<\/style><div class=\"stk-block-heading__top-line\"><\/div><h4 class=\"stk-block-heading__text\">Conseil<\/h4><div class=\"stk-block-heading__bottom-line\"><\/div><\/div>\n\n\n\n<div class=\"wp-block-stackable-heading stk-block-heading stk-block-heading--v2 stk-block stk-b682f24\" id=\"suivi\" data-block-id=\"b682f24\"><style>.stk-b682f24{margin-bottom:50px !important}.stk-b682f24 .stk-block-heading__top-line{height:1px !important;width:50% !important;margin-bottom:5px !important;margin-left:auto !important;margin-right:auto !important}.stk-b682f24 .stk-block-heading__bottom-line{height:1px !important;width:50% !important;margin-top:5px !important;margin-left:auto !important;margin-right:auto !important}<\/style><div class=\"stk-block-heading__top-line\"><\/div><h4 class=\"stk-block-heading__text\">Suivi<\/h4><div class=\"stk-block-heading__bottom-line\"><\/div><\/div>\n<\/div><\/div><\/div>\n<\/div><\/div>\n","protected":false},"excerpt":{"rendered":"<p>RDConsultant accompagne les entrepreneurs du BTP dans la gestion de leurs centres de profits : management op\u00e9rationnel des \u00e9quipes compl\u00e9tude des dossiers de r\u00e9ponse aux appels d&rsquo;offres pilotage des KPI optimisation du r\u00e9sultat d&rsquo;exploitation veille r\u00e9glementaire transfert de comp\u00e9tences au sein de la structure RDConsultant dispose d&rsquo;une expertise dans la cr\u00e9ation, le d\u00e9veloppement et la [&hellip;]<\/p>\n","protected":false},"author":1,"featured_media":0,"parent":0,"menu_order":0,"comment_status":"closed","ping_status":"closed","template":"","meta":{"footnotes":""},"class_list":["post-2","page","type-page","status-publish","hentry"],"blocksy_meta":[],"featured_image_urls":{"full":"","thumbnail":"","medium":"","medium_large":"","large":"","1536x1536":"","2048x2048":""},"post_excerpt_stackable":"<p>RDConsultant accompagne les entrepreneurs du BTP dans la gestion de leurs centres de profits : management op\u00e9rationnel des \u00e9quipes compl\u00e9tude des dossiers de r\u00e9ponse aux appels d&rsquo;offres pilotage des KPI optimisation du r\u00e9sultat d&rsquo;exploitation veille r\u00e9glementaire transfert de comp\u00e9tences au sein de la structure RDConsultant dispose d&rsquo;une expertise dans la cr\u00e9ation, le d\u00e9veloppement et la transmission d&rsquo;entreprise. Notre histoire L&rsquo;activit\u00e9 a commenc\u00e9 il y a plus de 30 ans. Parmi les premiers stagiaires, certains ont particip\u00e9 \u00e0 la construction de Disneyland Paris, ou encore du tunnel sous la manche. Attraction grand huit pour illustrer les collaborateurs d&rsquo;entreprise form\u00e9s il y\u2026<\/p>\n","category_list":"","author_info":{"name":"admin9255","url":"https:\/\/rdconsultant-formation.com\/index.php\/author\/admin9255\/"},"comments_num":"0 commentaire","_links":{"self":[{"href":"https:\/\/rdconsultant-formation.com\/index.php\/wp-json\/wp\/v2\/pages\/2","targetHints":{"allow":["GET"]}}],"collection":[{"href":"https:\/\/rdconsultant-formation.com\/index.php\/wp-json\/wp\/v2\/pages"}],"about":[{"href":"https:\/\/rdconsultant-formation.com\/index.php\/wp-json\/wp\/v2\/types\/page"}],"author":[{"embeddable":true,"href":"https:\/\/rdconsultant-formation.com\/index.php\/wp-json\/wp\/v2\/users\/1"}],"replies":[{"embeddable":true,"href":"https:\/\/rdconsultant-formation.com\/index.php\/wp-json\/wp\/v2\/comments?post=2"}],"version-history":[{"count":83,"href":"https:\/\/rdconsultant-formation.com\/index.php\/wp-json\/wp\/v2\/pages\/2\/revisions"}],"predecessor-version":[{"id":310,"href":"https:\/\/rdconsultant-formation.com\/index.php\/wp-json\/wp\/v2\/pages\/2\/revisions\/310"}],"wp:attachment":[{"href":"https:\/\/rdconsultant-formation.com\/index.php\/wp-json\/wp\/v2\/media?parent=2"}],"curies":[{"name":"wp","href":"https:\/\/api.w.org\/{rel}","templated":true}]}}