{"id":60,"date":"2023-11-17T14:03:41","date_gmt":"2023-11-17T13:03:41","guid":{"rendered":"https:\/\/rdconsultant-formation.com\/?page_id=60"},"modified":"2024-04-29T17:37:34","modified_gmt":"2024-04-29T15:37:34","slug":"sphere-qhse","status":"publish","type":"page","link":"https:\/\/rdconsultant-formation.com\/index.php\/sphere-qhse\/","title":{"rendered":"Partager la sph\u00e8re QHSE"},"content":{"rendered":"\n<p><mark style=\"background-color:rgba(0, 0, 0, 0)\" class=\"has-inline-color has-palette-color-2-color\"><strong><em>RDConsultant<\/em><\/strong><\/mark> peut vous aider.<\/p>\n\n\n\n<div class=\"wp-block-cover alignfull\"><span aria-hidden=\"true\" class=\"wp-block-cover__background has-palette-color-3-background-color has-background-dim-100 has-background-dim\"><\/span><div class=\"wp-block-cover__inner-container is-layout-constrained wp-block-cover-is-layout-constrained\">\n<div class=\"wp-block-media-text is-stacked-on-mobile\"><figure class=\"wp-block-media-text__media\"><img loading=\"lazy\" decoding=\"async\" width=\"1024\" height=\"682\" src=\"http:\/\/rdconsultant-formation.com\/wp-content\/uploads\/2024\/01\/bridge-4170184_1280-1024x682.jpg\" alt=\"\" class=\"wp-image-182 size-full\" srcset=\"https:\/\/rdconsultant-formation.com\/wp-content\/uploads\/2024\/01\/bridge-4170184_1280-1024x682.jpg 1024w, https:\/\/rdconsultant-formation.com\/wp-content\/uploads\/2024\/01\/bridge-4170184_1280-300x200.jpg 300w, https:\/\/rdconsultant-formation.com\/wp-content\/uploads\/2024\/01\/bridge-4170184_1280-768x512.jpg 768w, https:\/\/rdconsultant-formation.com\/wp-content\/uploads\/2024\/01\/bridge-4170184_1280.jpg 1280w\" sizes=\"auto, (max-width: 1024px) 100vw, 1024px\" \/><\/figure><div class=\"wp-block-media-text__content\">\n<p class=\"has-large-font-size\" style=\"font-style:normal;font-weight:100\">S&rsquo;informer<\/p>\n\n\n\n<p class=\"has-text-align-center has-large-font-size\" style=\"font-style:normal;font-weight:100\">formaliser<\/p>\n\n\n\n<p class=\"has-text-align-left has-large-font-size\" style=\"font-style:normal;font-weight:100\">respecter<\/p>\n\n\n\n<p class=\"has-text-align-center has-large-font-size\" style=\"font-style:normal;font-weight:100\">prot\u00e9ger<\/p>\n<\/div><\/div>\n<\/div><\/div>\n\n\n\n<p>Nous intervenons r\u00e9guli\u00e8rement dans les d\u00e9marches suivantes:<\/p>\n\n\n\n<div class=\"wp-block-stackable-columns stk-block-columns stk-block stk-16dc162\" data-block-id=\"16dc162\"><style>.stk-16dc162{margin-bottom:0px !important}<\/style><div class=\"stk-row stk-inner-blocks stk-block-content stk-content-align stk-16dc162-column\">\n<div class=\"wp-block-stackable-column stk-block-column stk-column stk-block stk-7a1c206\" data-v=\"4\" data-block-id=\"7a1c206\"><div class=\"stk-column-wrapper stk-block-column__content stk-container stk-7a1c206-container stk--no-background stk--no-padding\"><div class=\"stk-block-content stk-inner-blocks stk-7a1c206-inner-blocks\">\n<div class=\"wp-block-stackable-heading stk-block-heading stk-block-heading--v2 stk-block stk-cc78dd7\" id=\"audit\" data-block-id=\"cc78dd7\"><style>.stk-cc78dd7{margin-bottom:50px !important}.stk-cc78dd7 .stk-block-heading__text{text-transform:uppercase !important}.stk-cc78dd7 .stk-block-heading__top-line{height:1px !important;width:75% !important;margin-bottom:5px !important;margin-left:auto !important;margin-right:auto !important}.stk-cc78dd7 .stk-block-heading__bottom-line{height:1px !important;width:75% !important;margin-top:5px !important;margin-left:auto !important;margin-right:auto !important}<\/style><div class=\"stk-block-heading__top-line\"><\/div><h4 class=\"stk-block-heading__text has-text-align-center\">audit<\/h4><div class=\"stk-block-heading__bottom-line\"><\/div><\/div>\n\n\n\n<div class=\"wp-block-stackable-heading stk-block-heading stk-block-heading--v2 stk-block stk-48efc2b\" id=\"formation-securite\" data-block-id=\"48efc2b\"><style>.stk-48efc2b{margin-bottom:50px !important}.stk-48efc2b .stk-block-heading__text{text-transform:uppercase !important}.stk-48efc2b .stk-block-heading__top-line{height:1px !important;width:75% !important;margin-bottom:5px !important;margin-left:auto !important;margin-right:auto !important}.stk-48efc2b .stk-block-heading__bottom-line{height:1px !important;width:75% !important;margin-top:5px !important;margin-left:auto !important;margin-right:auto !important}<\/style><div class=\"stk-block-heading__top-line\"><\/div><h4 class=\"stk-block-heading__text has-text-align-center\">formation s\u00e9curit\u00e9<\/h4><div class=\"stk-block-heading__bottom-line\"><\/div><\/div>\n<\/div><\/div><\/div>\n\n\n\n<div class=\"wp-block-stackable-column stk-block-column stk-column stk-block stk-ce79404\" data-v=\"4\" data-block-id=\"ce79404\"><div class=\"stk-column-wrapper stk-block-column__content stk-container stk-ce79404-container stk--no-background stk--no-padding\"><div class=\"stk-block-content stk-inner-blocks stk-ce79404-inner-blocks\">\n<div class=\"wp-block-stackable-heading stk-block-heading stk-block-heading--v2 stk-block stk-7b71bfa\" id=\"construction-de-systeme-qualite\" data-block-id=\"7b71bfa\"><style>.stk-7b71bfa{margin-bottom:50px !important}.stk-7b71bfa .stk-block-heading__text{text-transform:uppercase !important}.stk-7b71bfa .stk-block-heading__top-line{height:1px !important;width:75% !important;margin-bottom:5px !important;margin-left:auto !important;margin-right:auto !important}.stk-7b71bfa .stk-block-heading__bottom-line{height:1px !important;width:75% !important;margin-top:5px !important;margin-left:auto !important;margin-right:auto !important}<\/style><div class=\"stk-block-heading__top-line\"><\/div><h4 class=\"stk-block-heading__text has-text-align-center\">construction de syst\u00e8me qualit\u00e9<\/h4><div class=\"stk-block-heading__bottom-line\"><\/div><\/div>\n\n\n\n<div class=\"wp-block-stackable-heading stk-block-heading stk-block-heading--v2 stk-block stk-bda6241\" id=\"mise-en-place-de-kpi\" data-block-id=\"bda6241\"><style>.stk-bda6241{margin-bottom:50px !important}.stk-bda6241 .stk-block-heading__text{text-transform:uppercase !important}.stk-bda6241 .stk-block-heading__top-line{height:1px !important;width:75% !important;margin-bottom:5px !important;margin-left:auto !important;margin-right:auto !important}.stk-bda6241 .stk-block-heading__bottom-line{height:1px !important;width:75% !important;margin-top:5px !important;margin-left:auto !important;margin-right:auto !important}<\/style><div class=\"stk-block-heading__top-line\"><\/div><h4 class=\"stk-block-heading__text has-text-align-center\">mise en place de KPI<\/h4><div class=\"stk-block-heading__bottom-line\"><\/div><\/div>\n<\/div><\/div><\/div>\n<\/div><\/div>\n\n\n\n<div class=\"wp-block-stackable-columns stk-block-columns stk-block stk-7907d4c\" data-block-id=\"7907d4c\"><div class=\"stk-row stk-inner-blocks stk-block-content stk-content-align stk-7907d4c-column\">\n<div class=\"wp-block-stackable-column stk-block-column stk-column stk-block stk-d7f52c8\" data-v=\"4\" data-block-id=\"d7f52c8\"><div class=\"stk-column-wrapper stk-block-column__content stk-container stk-d7f52c8-container stk--no-background stk--no-padding\"><div class=\"stk-block-content stk-inner-blocks stk-d7f52c8-inner-blocks\">\n<div class=\"wp-block-stackable-heading stk-block-heading stk-block-heading--v2 stk-block stk-216c4f9\" id=\"redaction-de-memoires-pre-paq-ppsps-duer\" data-block-id=\"216c4f9\"><style>.stk-216c4f9{margin-bottom:50px !important}.stk-216c4f9 .stk-block-heading__text{text-transform:uppercase !important}.stk-216c4f9 .stk-block-heading__top-line{height:1px !important;width:75% !important;margin-bottom:5px !important;margin-left:auto !important;margin-right:auto !important}.stk-216c4f9 .stk-block-heading__bottom-line{height:1px !important;width:75% !important;margin-top:5px !important;margin-left:auto !important;margin-right:auto !important}<\/style><div class=\"stk-block-heading__top-line\"><\/div><h4 class=\"stk-block-heading__text has-text-align-center\">r\u00e9daction de m\u00e9moires, PRE, PAQ, PPSPS, DUER<\/h4><div class=\"stk-block-heading__bottom-line\"><\/div><\/div>\n<\/div><\/div><\/div>\n<\/div><\/div>\n\n\n\n<div class=\"wp-block-stackable-columns alignfull stk-block-columns stk-block stk-8f2afe2 stk-block-background\" data-block-id=\"8f2afe2\"><style>.stk-8f2afe2{background-color:var(--theme-palette-color-3,#475671) !important}.stk-8f2afe2:before{background-color:var(--theme-palette-color-3,#475671) !important}<\/style><div class=\"stk-row stk-inner-blocks stk-block-content stk-content-align stk-8f2afe2-column alignfull\">\n<div class=\"wp-block-stackable-column stk-block-column stk-column stk-block stk-10aace2\" data-v=\"4\" data-block-id=\"10aace2\"><div class=\"stk-column-wrapper stk-block-column__content stk-container stk-10aace2-container stk--no-background stk--no-padding\"><div class=\"stk-block-content stk-inner-blocks stk-10aace2-inner-blocks\">\n<p class=\"has-text-align-center has-palette-color-6-color has-text-color has-link-color has-large-font-size wp-elements-5e173fe47647edbf5836841d53ab18bc\" style=\"font-style:normal;font-weight:700;text-transform:uppercase\">Pour vous<\/p>\n\n\n\n<div class=\"wp-block-stackable-columns stk-block-columns stk-block stk-13e98e5\" data-block-id=\"13e98e5\"><div class=\"stk-row stk-inner-blocks stk-block-content stk-content-align stk-13e98e5-column\">\n<div class=\"wp-block-stackable-column stk-block-column stk-column stk-block stk-f44af33\" data-v=\"4\" data-block-id=\"f44af33\"><div class=\"stk-column-wrapper stk-block-column__content stk-container stk-f44af33-container stk--no-background stk--no-padding\"><div class=\"stk-block-content stk-inner-blocks stk-f44af33-inner-blocks\">\n<div class=\"wp-block-stackable-heading stk-block-heading stk-block-heading--v2 stk-block stk-4446e2a stk-block-background\" id=\"ecoles\" data-block-id=\"4446e2a\"><style>.stk-4446e2a{background-color:var(--theme-palette-color-6,#f3f4f7) !important}.stk-4446e2a:before{background-color:var(--theme-palette-color-6,#f3f4f7) !important}<\/style><h4 class=\"stk-block-heading__text has-text-align-center\">\u00e9coles<\/h4><\/div>\n<\/div><\/div><\/div>\n\n\n\n<div class=\"wp-block-stackable-column stk-block-column stk-column stk-block stk-044ed2e\" data-v=\"4\" data-block-id=\"044ed2e\"><div class=\"stk-column-wrapper stk-block-column__content stk-container stk-044ed2e-container stk--no-background stk--no-padding\"><div class=\"stk-block-content stk-inner-blocks stk-044ed2e-inner-blocks\">\n<div class=\"wp-block-stackable-heading stk-block-heading stk-block-heading--v2 stk-block stk-3f8afa2 stk-block-background\" id=\"entreprises\" data-block-id=\"3f8afa2\"><style>.stk-3f8afa2{background-color:var(--theme-palette-color-6,#f3f4f7) !important}.stk-3f8afa2:before{background-color:var(--theme-palette-color-6,#f3f4f7) !important}<\/style><h4 class=\"stk-block-heading__text has-text-align-center\">entreprises<\/h4><\/div>\n<\/div><\/div><\/div>\n<\/div><\/div>\n\n\n\n<div class=\"wp-block-stackable-heading stk-block-heading stk-block-heading--v2 stk-block stk-88038bd stk-block-background\" id=\"organisations-professionnelles\" data-block-id=\"88038bd\"><style>.stk-88038bd{background-color:var(--theme-palette-color-6,#f3f4f7) !important;margin-right:10px !important;margin-left:10px !important}.stk-88038bd:before{background-color:var(--theme-palette-color-6,#f3f4f7) !important}<\/style><h4 class=\"stk-block-heading__text has-text-align-center\">organisations professionnelles<\/h4><\/div>\n<\/div><\/div><\/div>\n<\/div><\/div>\n\n\n\n<p>Sous la forme de votre choix:<\/p>\n\n\n\n<p><mark style=\"background-color:rgba(0, 0, 0, 0)\" class=\"has-inline-color has-palette-color-2-color\"><strong><em>RDConsultant<\/em><\/strong><\/mark> se propose de r\u00e9aliser des missions ponctuelles (quelques heures), mais aussi des actions sur le moyen et sur le long terme, le tout \u00e0 la carte.<\/p>\n","protected":false},"excerpt":{"rendered":"<p>RDConsultant peut vous aider. Nous intervenons r\u00e9guli\u00e8rement dans les d\u00e9marches suivantes: audit formation s\u00e9curit\u00e9 construction de syst\u00e8me qualit\u00e9 mise en place de KPI r\u00e9daction de m\u00e9moires, PRE, PAQ, PPSPS, DUER Pour vous \u00e9coles entreprises organisations professionnelles Sous la forme de votre choix: RDConsultant se propose de r\u00e9aliser des missions ponctuelles (quelques heures), mais aussi des [&hellip;]<\/p>\n","protected":false},"author":1,"featured_media":0,"parent":0,"menu_order":0,"comment_status":"closed","ping_status":"closed","template":"","meta":{"footnotes":""},"class_list":["post-60","page","type-page","status-publish","hentry"],"blocksy_meta":[],"featured_image_urls":{"full":"","thumbnail":"","medium":"","medium_large":"","large":"","1536x1536":"","2048x2048":""},"post_excerpt_stackable":"<p>RDConsultant peut vous aider. S&rsquo;informer formaliser respecter prot\u00e9ger Nous intervenons r\u00e9guli\u00e8rement dans les d\u00e9marches suivantes: audit formation s\u00e9curit\u00e9 construction de syst\u00e8me qualit\u00e9 mise en place de KPI r\u00e9daction de m\u00e9moires, PRE, PAQ, PPSPS, DUER Pour vous \u00e9coles entreprises organisations professionnelles Sous la forme de votre choix: RDConsultant se propose de r\u00e9aliser des missions ponctuelles (quelques heures), mais aussi des actions sur le moyen et sur le long terme, le tout \u00e0 la carte.<\/p>\n","category_list":"","author_info":{"name":"admin9255","url":"https:\/\/rdconsultant-formation.com\/index.php\/author\/admin9255\/"},"comments_num":"0 commentaire","_links":{"self":[{"href":"https:\/\/rdconsultant-formation.com\/index.php\/wp-json\/wp\/v2\/pages\/60","targetHints":{"allow":["GET"]}}],"collection":[{"href":"https:\/\/rdconsultant-formation.com\/index.php\/wp-json\/wp\/v2\/pages"}],"about":[{"href":"https:\/\/rdconsultant-formation.com\/index.php\/wp-json\/wp\/v2\/types\/page"}],"author":[{"embeddable":true,"href":"https:\/\/rdconsultant-formation.com\/index.php\/wp-json\/wp\/v2\/users\/1"}],"replies":[{"embeddable":true,"href":"https:\/\/rdconsultant-formation.com\/index.php\/wp-json\/wp\/v2\/comments?post=60"}],"version-history":[{"count":9,"href":"https:\/\/rdconsultant-formation.com\/index.php\/wp-json\/wp\/v2\/pages\/60\/revisions"}],"predecessor-version":[{"id":345,"href":"https:\/\/rdconsultant-formation.com\/index.php\/wp-json\/wp\/v2\/pages\/60\/revisions\/345"}],"wp:attachment":[{"href":"https:\/\/rdconsultant-formation.com\/index.php\/wp-json\/wp\/v2\/media?parent=60"}],"curies":[{"name":"wp","href":"https:\/\/api.w.org\/{rel}","templated":true}]}}