{"id":63,"date":"2023-11-17T14:05:06","date_gmt":"2023-11-17T13:05:06","guid":{"rendered":"https:\/\/rdconsultant-formation.com\/?page_id=63"},"modified":"2024-04-29T17:36:25","modified_gmt":"2024-04-29T15:36:25","slug":"vgp","status":"publish","type":"page","link":"https:\/\/rdconsultant-formation.com\/index.php\/vgp\/","title":{"rendered":"R\u00e9aliser les VGP"},"content":{"rendered":"\n<p>Une sp\u00e9cificit\u00e9 de <mark style=\"background-color:rgba(0, 0, 0, 0)\" class=\"has-inline-color has-palette-color-2-color\"><strong><em>RDConsultant<\/em><\/strong><\/mark> : les<strong> V\u00e9rifications G\u00e9n\u00e9rales P\u00e9riodiques<\/strong> pour les engins de chantiers utilis\u00e9s en terrassement et en levage.<\/p>\n\n\n\n<div class=\"wp-block-cover alignfull\"><span aria-hidden=\"true\" class=\"wp-block-cover__background has-palette-color-3-background-color has-background-dim-100 has-background-dim\"><\/span><div class=\"wp-block-cover__inner-container is-layout-constrained wp-block-cover-is-layout-constrained\">\n<div class=\"wp-block-media-text is-stacked-on-mobile\"><figure class=\"wp-block-media-text__media\"><img loading=\"lazy\" decoding=\"async\" width=\"1024\" height=\"840\" src=\"http:\/\/rdconsultant-formation.com\/wp-content\/uploads\/2024\/01\/tractor-456820_1280-1024x840.jpg\" alt=\"\" class=\"wp-image-174 size-full\" srcset=\"https:\/\/rdconsultant-formation.com\/wp-content\/uploads\/2024\/01\/tractor-456820_1280-1024x840.jpg 1024w, https:\/\/rdconsultant-formation.com\/wp-content\/uploads\/2024\/01\/tractor-456820_1280-300x246.jpg 300w, https:\/\/rdconsultant-formation.com\/wp-content\/uploads\/2024\/01\/tractor-456820_1280-768x630.jpg 768w, https:\/\/rdconsultant-formation.com\/wp-content\/uploads\/2024\/01\/tractor-456820_1280.jpg 1280w\" sizes=\"auto, (max-width: 1024px) 100vw, 1024px\" \/><\/figure><div class=\"wp-block-media-text__content\">\n<p class=\"has-large-font-size\" style=\"font-style:normal;font-weight:100\">Avec un bon entretien et un peu de passion &#8230;<\/p>\n\n\n\n<p class=\"has-text-align-right has-large-font-size\" style=\"font-style:normal;font-weight:100\">&#8230; les m\u00e9caniques les plus anciennes peuvent traverser les g\u00e9n\u00e9rations<\/p>\n<\/div><\/div>\n<\/div><\/div>\n\n\n\n<p>R\u00e9pondre \u00e0 une obligation r\u00e9glementaire mais aussi apporter un diagnostique de l&rsquo;\u00e9tat op\u00e9rationnel d&rsquo;un engin de chantier, tels sont les objectifs de <mark style=\"background-color:rgba(0, 0, 0, 0)\" class=\"has-inline-color has-palette-color-2-color\"><strong><em>RDConsultant<\/em><\/strong><\/mark> .<\/p>\n\n\n\n<p>Une expertise reconnue en machinisme de Travaux Publics&#8230; A votre service depuis plus de 30 ans<\/p>\n\n\n\n<div class=\"wp-block-stackable-columns alignfull stk-block-columns stk-block stk-8f2afe2 stk-block-background\" data-block-id=\"8f2afe2\"><style>.stk-8f2afe2{background-color:var(--theme-palette-color-3,#475671) !important}.stk-8f2afe2:before{background-color:var(--theme-palette-color-3,#475671) !important}<\/style><div class=\"stk-row stk-inner-blocks stk-block-content stk-content-align stk-8f2afe2-column alignfull\">\n<div class=\"wp-block-stackable-column stk-block-column stk-column stk-block stk-10aace2\" data-v=\"4\" data-block-id=\"10aace2\"><div class=\"stk-column-wrapper stk-block-column__content stk-container stk-10aace2-container stk--no-background stk--no-padding\"><div class=\"stk-block-content stk-inner-blocks stk-10aace2-inner-blocks\">\n<p class=\"has-text-align-center has-palette-color-6-color has-text-color has-link-color has-large-font-size wp-elements-5e173fe47647edbf5836841d53ab18bc\" style=\"font-style:normal;font-weight:700;text-transform:uppercase\">Pour vous<\/p>\n\n\n\n<div class=\"wp-block-stackable-columns stk-block-columns stk-block stk-13e98e5\" data-block-id=\"13e98e5\"><div class=\"stk-row stk-inner-blocks stk-block-content stk-content-align stk-13e98e5-column\">\n<div class=\"wp-block-stackable-column stk-block-column stk-column stk-block stk-f44af33\" data-v=\"4\" data-block-id=\"f44af33\"><div class=\"stk-column-wrapper stk-block-column__content stk-container stk-f44af33-container stk--no-background stk--no-padding\"><div class=\"stk-block-content stk-inner-blocks stk-f44af33-inner-blocks\">\n<div class=\"wp-block-stackable-heading stk-block-heading stk-block-heading--v2 stk-block stk-4446e2a stk-block-background\" id=\"entrepreneurs\" data-block-id=\"4446e2a\"><style>.stk-4446e2a{background-color:var(--theme-palette-color-6,#f3f4f7) !important}.stk-4446e2a:before{background-color:var(--theme-palette-color-6,#f3f4f7) !important}<\/style><h4 class=\"stk-block-heading__text has-text-align-center\">entrepreneurs<\/h4><\/div>\n<\/div><\/div><\/div>\n\n\n\n<div class=\"wp-block-stackable-column stk-block-column stk-column stk-block stk-044ed2e\" data-v=\"4\" data-block-id=\"044ed2e\"><div class=\"stk-column-wrapper stk-block-column__content stk-container stk-044ed2e-container stk--no-background stk--no-padding\"><div class=\"stk-block-content stk-inner-blocks stk-044ed2e-inner-blocks\">\n<div class=\"wp-block-stackable-heading stk-block-heading stk-block-heading--v2 stk-block stk-3f8afa2 stk-block-background\" id=\"collectivites\" data-block-id=\"3f8afa2\"><style>.stk-3f8afa2{background-color:var(--theme-palette-color-6,#f3f4f7) !important}.stk-3f8afa2:before{background-color:var(--theme-palette-color-6,#f3f4f7) !important}<\/style><h4 class=\"stk-block-heading__text has-text-align-center\">collectivit\u00e9s<\/h4><\/div>\n<\/div><\/div><\/div>\n<\/div><\/div>\n\n\n\n<div class=\"wp-block-stackable-heading stk-block-heading stk-block-heading--v2 stk-block stk-88038bd stk-block-background\" id=\"particuliers\" data-block-id=\"88038bd\"><style>.stk-88038bd{background-color:var(--theme-palette-color-6,#f3f4f7) !important;margin-right:10px !important;margin-left:10px !important}.stk-88038bd:before{background-color:var(--theme-palette-color-6,#f3f4f7) !important}<\/style><h4 class=\"stk-block-heading__text has-text-align-center\">particuliers<\/h4><\/div>\n<\/div><\/div><\/div>\n<\/div><\/div>\n","protected":false},"excerpt":{"rendered":"<p>Une sp\u00e9cificit\u00e9 de RDConsultant : les V\u00e9rifications G\u00e9n\u00e9rales P\u00e9riodiques pour les engins de chantiers utilis\u00e9s en terrassement et en levage. R\u00e9pondre \u00e0 une obligation r\u00e9glementaire mais aussi apporter un diagnostique de l&rsquo;\u00e9tat op\u00e9rationnel d&rsquo;un engin de chantier, tels sont les objectifs de RDConsultant . Une expertise reconnue en machinisme de Travaux Publics&#8230; A votre service [&hellip;]<\/p>\n","protected":false},"author":1,"featured_media":0,"parent":0,"menu_order":0,"comment_status":"closed","ping_status":"closed","template":"","meta":{"footnotes":""},"class_list":["post-63","page","type-page","status-publish","hentry"],"blocksy_meta":[],"featured_image_urls":{"full":"","thumbnail":"","medium":"","medium_large":"","large":"","1536x1536":"","2048x2048":""},"post_excerpt_stackable":"<p>Une sp\u00e9cificit\u00e9 de RDConsultant : les V\u00e9rifications G\u00e9n\u00e9rales P\u00e9riodiques pour les engins de chantiers utilis\u00e9s en terrassement et en levage. Avec un bon entretien et un peu de passion &#8230; &#8230; les m\u00e9caniques les plus anciennes peuvent traverser les g\u00e9n\u00e9rations R\u00e9pondre \u00e0 une obligation r\u00e9glementaire mais aussi apporter un diagnostique de l&rsquo;\u00e9tat op\u00e9rationnel d&rsquo;un engin de chantier, tels sont les objectifs de RDConsultant . Une expertise reconnue en machinisme de Travaux Publics&#8230; A votre service depuis plus de 30 ans Pour vous entrepreneurs collectivit\u00e9s particuliers<\/p>\n","category_list":"","author_info":{"name":"admin9255","url":"https:\/\/rdconsultant-formation.com\/index.php\/author\/admin9255\/"},"comments_num":"0 commentaire","_links":{"self":[{"href":"https:\/\/rdconsultant-formation.com\/index.php\/wp-json\/wp\/v2\/pages\/63","targetHints":{"allow":["GET"]}}],"collection":[{"href":"https:\/\/rdconsultant-formation.com\/index.php\/wp-json\/wp\/v2\/pages"}],"about":[{"href":"https:\/\/rdconsultant-formation.com\/index.php\/wp-json\/wp\/v2\/types\/page"}],"author":[{"embeddable":true,"href":"https:\/\/rdconsultant-formation.com\/index.php\/wp-json\/wp\/v2\/users\/1"}],"replies":[{"embeddable":true,"href":"https:\/\/rdconsultant-formation.com\/index.php\/wp-json\/wp\/v2\/comments?post=63"}],"version-history":[{"count":10,"href":"https:\/\/rdconsultant-formation.com\/index.php\/wp-json\/wp\/v2\/pages\/63\/revisions"}],"predecessor-version":[{"id":343,"href":"https:\/\/rdconsultant-formation.com\/index.php\/wp-json\/wp\/v2\/pages\/63\/revisions\/343"}],"wp:attachment":[{"href":"https:\/\/rdconsultant-formation.com\/index.php\/wp-json\/wp\/v2\/media?parent=63"}],"curies":[{"name":"wp","href":"https:\/\/api.w.org\/{rel}","templated":true}]}}